 3.
-1010
Convert 142 (base 11) to base 12.
11b
Convert 334 (base 5) to base 10.
94
Convert -10 (base 11) to base 10.
-11
What is -6 (base 13) in base 4?
-12
Convert 5 (base 10) to base 12.
5
Convert 200 (base 3) to base 5.
33
5 (base 12) to base 14
5
a (base 16) to base 12
a
3 (base 5) to base 7
3
Convert -5 (base 12) to base 10.
-5
What is -1 (base 11) in base 3?
-1
What is -3 (base 11) in base 4?
-3
What is -20 (base 3) in base 4?
-12
1120 (base 4) to base 10
88
What is 37 (base 9) in base 15?
24
-4 (base 9) to base 5
-4
Convert -3 (base 8) to base 2.
-11
Convert -137 (base 8) to base 10.
-95
-13 (base 5) to base 15
-8
What is 34 (base 11) in base 15?
27
6 (base 14) to base 9
6
What is 10 (base 3) in base 14?
3
What is -163 (base 7) in base 6?
-234
What is 23 (base 6) in base 8?
17
What is 1 (base 9) in base 3?
1
What is -43 (base 12) in base 7?
-102
1110 (base 3) to base 11
36
-18 (base 14) to base 9
-24
-1 (base 12) to base 13
-1
5 (base 15) to base 10
5
Convert 33 (base 4) to base 8.
17
2020 (base 3) to base 6
140
What is 3 (base 7) in base 3?
10
533 (base 7) to base 14
153
-7 (base 14) to base 15
-7
10 (base 8) to base 16
8
Convert 1 (base 5) to base 3.
1
What is 30 (base 11) in base 12?
29
Convert 8 (base 10) to base 11.
8
-5 (base 15) to base 8
-5
201 (base 5) to base 13
3c
Convert -110 (base 2) to base 7.
-6
Convert -5 (base 12) to base 14.
-5
What is 0 (base 3) in base 6?
0
What is 120 (base 3) in base 10?
15
What is -64 (base 9) in base 5?
-213
Convert 3 (base 14) to base 3.
10
Convert -16 (base 9) to base 3.
-120
What is 12 (base 4) in base 13?
6
Convert 7 (base 8) to base 9.
7
What is 1 (base 4) in base 6?
1
3 (base 5) to base 4
3
Convert -2b (base 14) to base 2.
-100111
What is 2 (base 14) in base 7?
2
-30 (base 4) to base 10
-12
What is 15 (base 12) in base 2?
10001
Convert 10 (base 11) to base 5.
21
-22 (base 11) to base 9
-26
313 (base 4) to base 7
106
Convert 1c (base 14) to base 10.
26
What is -1 (base 9) in base 2?
-1
Convert 3 (base 11) to base 3.
10
-5 (base 9) to base 7
-5
9 (base 12) to base 2
1001
Convert -33 (base 5) to base 3.
-200
Convert -1001 (base 2) to base 7.
-12
Convert -1 (base 16) to base 9.
-1
0 (base 14) to base 6
0
-118 (base 11) to base 13
-aa
What is -4 (base 9) in base 3?
-11
Convert 0 (base 15) to base 3.
0
-110 (base 2) to base 6
-10
Convert -32 (base 8) to base 6.
-42
What is 14 (base 13) in base 8?
21
What is 2 (base 3) in base 14?
2
What is 5 (base 7) in base 10?
5
Convert 1 (base 10) to base 3.
1
What is 0 (base 15) in base 5?
0
Convert 1000 (base 2) to base 6.
12
24 (base 16) to base 7
51
1 (base 16) to base 2
1
-1 (base 4) to base 16
-1
Convert 4 (base 8) to base 4.
10
Convert -212 (base 3) to base 2.
-10111
What is -12 (base 5) in base 8?
-7
Convert 4 (base 12) to base 15.
4
Convert -100000110 (base 2) to base 9.
-321
Convert -105 (base 7) to base 14.
-3c
What is -4 (base 10) in base 14?
-4
What is -1 (base 7) in base 5?
-1
23 (base 12) to base 13
21
Convert -1 (base 3) to base 14.
-1
Convert -2 (base 13) to base 9.
-2
What is -1 (base 11) in base 14?
-1
Convert -11 (base 16) to base 12.
-15
What is 1 (base 2) in base 12?
1
Convert -4 (base 5) to base 10.
-4
What is 16 (base 7) in base 10?
13
Convert c (base 15) to base 6.
20
What is -62 (base 10) in base 14?
-46
110011 (base 2) to base 11
47
What is -17 (base 11) in base 7?
-24
Convert 201 (base 9) to base 10.
163
-11 (base 3) to base 11
-4
Convert 5 (base 8) to base 2.
101
Convert 13 (base 15) to base 8.
22
What is 13 (base 11) in base 3?
112
What is 0 (base 3) in base 8?
0
What is 32 (base 5) in base 3?
122
-8 (base 16) to base 7
-11
What is 3e (base 15) in base 13?
47
What is 11 (base 11) in base 2?
1100
Convert -a (base 11) to base 13.
-a
What is 38 (base 11) in base 3?
1112
What is 72 (base 8) in base 6?
134
Convert 241 (base 8) to base 14.
b7
What is -2 (base 8) in base 11?
-2
What is 23 (base 4) in base 3?
102
8d (base 16) to base 3
12020
What is 1220 (base 4) in base 5?
404
Convert 423 (base 5) to base 15.
78
What is -11 (base 4) in base 10?
-5
-6 (base 14) to base 16
-6
What is 1011 (base 3) in base 15?
21
What is 1b (base 15) in base 2?
11010
-1 (base 13) to base 8
-1
-19 (base 10) to base 16
-13
3 (base 7) to base 6
3
Convert -38 (base 12) to base 14.
-32
-9 (base 11) to base 4
-21
What is 3 (base 9) in base 2?
11
Convert 1001 (base 2) to base 9.
10
Convert -24 (base 5) to base 4.
-32
-226 (base 11) to base 2
-100001110
Convert 11 (base 4) to base 10.
5
-57 (base 11) to base 3
-2022
What is -21 (base 4) in base 15?
-9
545 (base 6) to base 15
de
Convert -1104 (base 5) to base 2.
-10011010
110 (base 3) to base 13
c
Convert -2 (base 6) to base 16.
-2
What is -6 (base 10) in base 14?
-6
Convert -26 (base 9) to base 3.
-220
Convert -4 (base 13) to base 6.
-4
-1011101 (base 2) to base 13
-72
What is -11 (base 2) in base 9?
-3
2 (base 13) to base 11
2
What is 10012 (base 3) in base 6?
222
What is 20 (base 4) in base 7?
11
9 (base 14) to base 15
9
What is 1 (base 3) in base 8?
1
7 (base 10) to base 12
7
Convert -15 (base 8) to base 9.
-14
1 (base 4) to base 2
1
Convert 3 (base 10) to base 14.
3
c (base 16) to base 11
11
6 (base 10) to base 7
6
What is 2 (base 7) in base 2?
10
Convert 9 (base 11) to base 2.
1001
Convert d (base 16) to base 7.
16
-5 (base 16) to base 13
-5
What is 15 (base 10) in base 8?
17
What is 11 (base 16) in base 13?
14
-122 (base 4) to base 12
-22
What is 4 (base 6) in base 9?
4
Convert 3 (base 11) to base 10.
3
-1 (base 5) to base 8
-1
What is -33 (base 8) in base 2?
-11011
What is 1 (base 15) in base 6?
1
Convert -140 (base 7) to base 4.
-1031
Convert 5 (base 11) to base 12.
5
What is -5 (base 11) in base 15?
-5
What is 23 (base 5) in base 12?
11
Convert 352 (base 9) to base 10.
290
Convert -23 (base 15) to base 16.
-21
What is -30 (base 14) in base 8?
-52
What is 35 (base 10) in base 11?
32
Convert 0 (base 7) to base 16.
0
Convert 2 (base 9) to base 3.
2
4 (base 16) to base 15
4
What is -152 (base 6) in base 5?
-233
What is -13 (base 8) in base 10?
-11
110 (base 5) to base 3
1010
Convert 1010 (base 2) to base 3.
101
111 (base 2) to base 4
13
2 (base 16) to base 10
2
What is a (base 14) in base 11?
a
What is 2 (base 14) in base 2?
10
Convert 101001 (base 3) to base 9.
331
-34 (base 11) to base 4
-211
Convert -a (base 13) to base 12.
-a
-53 (base 10) to base 15
-38
What is -14 (base 9) in base 6?
-21
1000 (base 2) to base 11
8
Convert -2 (base 10) to base 14.
-2
Convert 45 (base 10) to base 11.
41
What is -13 (base 9) in base 11?
-11
Convert 146 (base 8) to base 11.
93
Convert -2 (base 11) to base 12.
-2
Convert -23 (base 11) to base 13.
-1c
Convert -5 (base 13) to base 7.
-5
Convert -7 (base 8) to base 7.
-10
171 (base 10) to base 11
146
What is -14b (base 16) in base 12?
-237
166 (base 8) to base 9
141
133 (base 4) to base 8
37
4e (base 16) to base 6
210
-11011010 (base 2) to base 8
-332
What is 0 (base 8) in base 13?
0
Convert -5 (base 13) to base 2.
-101
What is 0 (base 6) in base 7?
0
What is -2 (base 14) in base 13?
-2
23 (base 13) to base 11
27
Convert 301 (base 6) to base 7.
214
What is 1011 (base 2) in base 16?
b
Convert -100 (base 2) to base 13.
-4
17 (base 15) to base 13
19
67 (base 13) to base 8
125
-200 (base 3) to base 16
-12
9 (base 14) to base 6
13
Convert -1 (base 9) to base 12.
-1
Convert 143 (base 14) to base 5.
2010
What is 123 (base 5) in base 16?
26
Convert 21 (base 4) to base 16.
9
-101 (base 2) to base 6
-5
1000 (base 2) to base 4
20
-8 (base 13) to base 4
-20
Convert -44 (base 9) to base 5.
-130
Convert 3 (base 15) to base 14.
3
-13 (base 13) to base 7
-22
What is -73 (base 15) in base 13?
-84
What is 554 (base 7) in base 2?
100011100
3 (base 15) to base 6
3
12 (base 4) to base 9
6
22 (base 16) to base 5
114
-1100101 (base 2) to base 13
-7a
What is 30 (base 11) in base 9?
36
What is -d0 (base 15) in base 5?
-1240
What is 0 (base 14) in base 13?
0
What is -6c (base 16) in base 11?
-99
-11100 (base 2) to base 15
-1d
What is 1010 (base 2) in base 13?
a
Convert 46 (base 8) to base 4.
212
What is 22 (base 4) in base 15?
a
Convert 31 (base 6) to base 16.
13
7 (base 8) to base 7
10
Convert 7 (base 11) to base 5.
12
22 (base 3) to base 6
12
Convert -1 (base 10) to base 12.
-1
22 (base 9) to bas